[INFO] cloning repository https://github.com/Cynlic/strangers
[INFO] running `Command { std: "git" "-c" "credential.helper=" "-c" "credential.helper=/workspace/cargo-home/bin/git-credential-null" "clone" "--bare" "https://github.com/Cynlic/strangers" "/workspace/cache/git-repos/https%3A%2F%2Fgithub.com%2FCynlic%2Fstrangers", kill_on_drop: false }`
[INFO] [stderr] Cloning into bare repository '/workspace/cache/git-repos/https%3A%2F%2Fgithub.com%2FCynlic%2Fstrangers'...
[INFO] running `Command { std: "git" "rev-parse" "HEAD", kill_on_drop: false }`
[INFO] [stdout] 9883bf572f68e50472df961a99ad3ce91d6174a4
[INFO] checking Cynlic/strangers against master#cfbc6d4cf1acbac5c025acf8ed68929caa551df3 for pr-75494-beta
[INFO] running `Command { std: "git" "clone" "/workspace/cache/git-repos/https%3A%2F%2Fgithub.com%2FCynlic%2Fstrangers" "/workspace/builds/worker-4/source", kill_on_drop: false }`
[INFO] [stderr] Cloning into '/workspace/builds/worker-4/source'...
[INFO] [stderr] done.
[INFO] validating manifest of git repo https://github.com/Cynlic/strangers on toolchain cfbc6d4cf1acbac5c025acf8ed68929caa551df3
[INFO] running `Command { std: "/workspace/cargo-home/bin/cargo" "+cfbc6d4cf1acbac5c025acf8ed68929caa551df3" "read-manifest" "--manifest-path" "Cargo.toml", kill_on_drop: false }`
[INFO] started tweaking git repo https://github.com/Cynlic/strangers
[INFO] finished tweaking git repo https://github.com/Cynlic/strangers
[INFO] tweaked toml for git repo https://github.com/Cynlic/strangers written to /workspace/builds/worker-4/source/Cargo.toml
[INFO] crate git repo https://github.com/Cynlic/strangers already has a lockfile, it will not be regenerated
[INFO] running `Command { std: "/workspace/cargo-home/bin/cargo" "+cfbc6d4cf1acbac5c025acf8ed68929caa551df3" "fetch" "--locked" "--manifest-path" "Cargo.toml", kill_on_drop: false }`
[INFO] [stderr]  Downloading crates ...
[INFO] [stderr]   Downloaded gnuplot v0.0.22
[INFO] running `Command { std: "docker" "create" "-v" "/var/lib/crater-agent-workspace/builds/worker-4/target:/opt/rustwide/target:rw,Z" "-v" "/var/lib/crater-agent-workspace/builds/worker-4/source:/opt/rustwide/workdir:ro,Z" "-v" "/var/lib/crater-agent-workspace/cargo-home:/opt/rustwide/cargo-home:ro,Z" "-v" "/var/lib/crater-agent-workspace/rustup-home:/opt/rustwide/rustup-home:ro,Z" "-e" "SOURCE_DIR=/opt/rustwide/workdir" "-e" "CARGO_TARGET_DIR=/opt/rustwide/target" "-e" "CARGO_HOME=/opt/rustwide/cargo-home" "-e" "RUSTUP_HOME=/opt/rustwide/rustup-home" "-w" "/opt/rustwide/workdir" "-m" "1610612736" "--user" "0:0" "--network" "none" "rustops/crates-build-env@sha256:a636fd89d022f18117e1dc8fb37a0a009933cdbbe082814857f0e2024962d47c" "/opt/rustwide/cargo-home/bin/cargo" "+cfbc6d4cf1acbac5c025acf8ed68929caa551df3" "metadata" "--no-deps" "--format-version=1", kill_on_drop: false }`
[INFO] [stderr] WARNING: Your kernel does not support swap limit capabilities or the cgroup is not mounted. Memory limited without swap.
[INFO] [stdout] bcc631ff358fda046bb0e90de5b9cfa91b40b7d1995d346021b5cde863148c67
[INFO] running `Command { std: "docker" "start" "-a" "bcc631ff358fda046bb0e90de5b9cfa91b40b7d1995d346021b5cde863148c67", kill_on_drop: false }`
[INFO] running `Command { std: "docker" "inspect" "bcc631ff358fda046bb0e90de5b9cfa91b40b7d1995d346021b5cde863148c67", kill_on_drop: false }`
[INFO] running `Command { std: "docker" "rm" "-f" "bcc631ff358fda046bb0e90de5b9cfa91b40b7d1995d346021b5cde863148c67", kill_on_drop: false }`
[INFO] [stdout] bcc631ff358fda046bb0e90de5b9cfa91b40b7d1995d346021b5cde863148c67
[INFO] running `Command { std: "docker" "create" "-v" "/var/lib/crater-agent-workspace/builds/worker-4/target:/opt/rustwide/target:rw,Z" "-v" "/var/lib/crater-agent-workspace/builds/worker-4/source:/opt/rustwide/workdir:ro,Z" "-v" "/var/lib/crater-agent-workspace/cargo-home:/opt/rustwide/cargo-home:ro,Z" "-v" "/var/lib/crater-agent-workspace/rustup-home:/opt/rustwide/rustup-home:ro,Z" "-e" "SOURCE_DIR=/opt/rustwide/workdir" "-e" "CARGO_TARGET_DIR=/opt/rustwide/target" "-e" "CARGO_INCREMENTAL=0" "-e" "RUST_BACKTRACE=full" "-e" "RUSTFLAGS=--cap-lints=forbid" "-e" "CARGO_HOME=/opt/rustwide/cargo-home" "-e" "RUSTUP_HOME=/opt/rustwide/rustup-home" "-w" "/opt/rustwide/workdir" "-m" "1610612736" "--user" "0:0" "--network" "none" "rustops/crates-build-env@sha256:a636fd89d022f18117e1dc8fb37a0a009933cdbbe082814857f0e2024962d47c" "/opt/rustwide/cargo-home/bin/cargo" "+cfbc6d4cf1acbac5c025acf8ed68929caa551df3" "check" "--frozen" "--all" "--all-targets" "--message-format=json", kill_on_drop: false }`
[INFO] [stdout] e45df5910ada5b525aeb00a6d209a8a320138489c44ca8a07580b25edbbb97c8
[INFO] [stderr] WARNING: Your kernel does not support swap limit capabilities or the cgroup is not mounted. Memory limited without swap.
[INFO] running `Command { std: "docker" "start" "-a" "e45df5910ada5b525aeb00a6d209a8a320138489c44ca8a07580b25edbbb97c8", kill_on_drop: false }`
[INFO] [stderr]     Checking libc v0.2.31
[INFO] [stderr]     Checking gnuplot v0.0.22
[INFO] [stderr]     Checking rand v0.3.16
[INFO] [stderr]     Checking chaos-plot v0.1.0 (/opt/rustwide/workdir)
[INFO] [stdout] error[E0583]: file not found for module `notetree`
[INFO] [stdout]  --> src/main.rs:8:1
[INFO] [stdout]   |
[INFO] [stdout] 8 | mod notetree;
[INFO] [stdout]   | ^^^^^^^^^^^^^
[INFO] [stdout]   |
[INFO] [stdout]   = help: to create the module `notetree`, create file "src/notetree.rs"
[INFO] [stdout] 
[INFO] [stdout] 
[INFO] [stdout] error[E0583]: file not found for module `notetree`
[INFO] [stdout]  --> src/main.rs:8:1
[INFO] [stdout]   |
[INFO] [stdout] 8 | mod notetree;
[INFO] [stdout]   | ^^^^^^^^^^^^^
[INFO] [stdout]   |
[INFO] [stdout]   = help: to create the module `notetree`, create file "src/notetree.rs"
[INFO] [stdout] 
[INFO] [stdout] 
[INFO] [stdout] error[E0425]: cannot find function `make_phrase` in module `notetree`
[INFO] [stdout]    --> src/main.rs:205:32
[INFO] [stdout]     |
[INFO] [stdout] 205 |         let phrase = notetree::make_phrase();
[INFO] [stdout]     |                                ^^^^^^^^^^^ not found in `notetree`
[INFO] [stdout] 
[INFO] [stdout] 
[INFO] [stdout] warning: unused import: `lily::*`
[INFO] [stdout]  --> src/main.rs:9:5
[INFO] [stdout]   |
[INFO] [stdout] 9 | use lily::*;
[INFO] [stdout]   |     ^^^^^^^
[INFO] [stdout]   |
[INFO] [stdout]   = note: `#[warn(unused_imports)]` on by default
[INFO] [stdout] 
[INFO] [stdout] 
[INFO] [stdout] warning: unused import: `notetree::*`
[INFO] [stdout]   --> src/main.rs:10:5
[INFO] [stdout]    |
[INFO] [stdout] 10 | use notetree::*;
[INFO] [stdout]    |     ^^^^^^^^^^^
[INFO] [stdout] 
[INFO] [stdout] 
[INFO] [stdout] warning: trait objects without an explicit `dyn` are deprecated
[INFO] [stdout]    --> src/main.rs:326:20
[INFO] [stdout]     |
[INFO] [stdout] 326 | fn iterate_fn (f: &Fn(f64, f64) -> (f64,f64),
[INFO] [stdout]     |                    ^^^^^^^^^^^^^^^^^^^^^^^^^ help: use `dyn`: `dyn Fn(f64, f64) -> (f64,f64)`
[INFO] [stdout]     |
[INFO] [stdout]     = note: `#[warn(bare_trait_objects)]` on by default
[INFO] [stdout] 
[INFO] [stdout] 
[INFO] [stdout] error: aborting due to 2 previous errors; 3 warnings emitted
[INFO] [stdout] 
[INFO] [stdout] 
[INFO] [stdout] Some errors have detailed explanations: E0425, E0583.
[INFO] [stdout] 
[INFO] [stdout] For more information about an error, try `rustc --explain E0425`.
[INFO] [stdout] 
[INFO] [stderr] error: could not compile `chaos-plot`.
[INFO] [stderr] 
[INFO] [stderr] To learn more, run the command again with --verbose.
[INFO] [stderr] warning: build failed, waiting for other jobs to finish...
[INFO] [stdout] error[E0425]: cannot find function `make_phrase` in module `notetree`
[INFO] [stdout]    --> src/main.rs:205:32
[INFO] [stdout]     |
[INFO] [stdout] 205 |         let phrase = notetree::make_phrase();
[INFO] [stdout]     |                                ^^^^^^^^^^^ not found in `notetree`
[INFO] [stdout] 
[INFO] [stdout] 
[INFO] [stdout] warning: unused import: `lily::*`
[INFO] [stdout]  --> src/main.rs:9:5
[INFO] [stdout]   |
[INFO] [stdout] 9 | use lily::*;
[INFO] [stdout]   |     ^^^^^^^
[INFO] [stdout]   |
[INFO] [stdout]   = note: `#[warn(unused_imports)]` on by default
[INFO] [stdout] 
[INFO] [stdout] 
[INFO] [stdout] warning: unused import: `notetree::*`
[INFO] [stdout]   --> src/main.rs:10:5
[INFO] [stdout]    |
[INFO] [stdout] 10 | use notetree::*;
[INFO] [stdout]    |     ^^^^^^^^^^^
[INFO] [stdout] 
[INFO] [stdout] 
[INFO] [stdout] warning: trait objects without an explicit `dyn` are deprecated
[INFO] [stdout]    --> src/main.rs:326:20
[INFO] [stdout]     |
[INFO] [stdout] 326 | fn iterate_fn (f: &Fn(f64, f64) -> (f64,f64),
[INFO] [stdout]     |                    ^^^^^^^^^^^^^^^^^^^^^^^^^ help: use `dyn`: `dyn Fn(f64, f64) -> (f64,f64)`
[INFO] [stdout]     |
[INFO] [stdout]     = note: `#[warn(bare_trait_objects)]` on by default
[INFO] [stdout] 
[INFO] [stdout] 
[INFO] [stdout] error: aborting due to 2 previous errors; 3 warnings emitted
[INFO] [stdout] 
[INFO] [stdout] 
[INFO] [stdout] Some errors have detailed explanations: E0425, E0583.
[INFO] [stdout] 
[INFO] [stdout] For more information about an error, try `rustc --explain E0425`.
[INFO] [stdout] 
[INFO] [stderr] error: build failed
[INFO] running `Command { std: "docker" "inspect" "e45df5910ada5b525aeb00a6d209a8a320138489c44ca8a07580b25edbbb97c8", kill_on_drop: false }`
[INFO] running `Command { std: "docker" "rm" "-f" "e45df5910ada5b525aeb00a6d209a8a320138489c44ca8a07580b25edbbb97c8", kill_on_drop: false }`
[INFO] [stdout] e45df5910ada5b525aeb00a6d209a8a320138489c44ca8a07580b25edbbb97c8
